hat is the remainder when 89 - (-2)/c*-2 is divided by l?
28
Let y(k) = -73*k - 202. Calculate the remainder when y(-4) is divided by 12.
6
Suppose -255 = -4*i + t + 33, -2*i = -2*t - 144. What is the remainder when 220 is divided by i?
4
Let y = 6 - 4. Let b = 17 + y. Calculate the remainder when (1406/57)/((-10)/(-6))*5 is divided by b.
17
Suppose k + 41 = -2*r, r + 4*r = 2*k + 64. Let m = k + 59. What is the remainder when 65 is divided by m?
21
Suppose 2*f - 785 = 7*f. Let x be (-1)/4 + f/(-4). Let m = 138 - x. Calculate the remainder when m is divided by 20.
19
Suppose -9*g = 9 - 144. Calculate the remainder when (g/(-6))/(1/(-14)) is divided by 9.
8
Let x = -144 + 224. Let q = 94 - 67. Calculate the remainder when 6416/x + (-1)/5 is divided by q.
26
Let k(t) = t**2 - 46*t + 531. What is the remainder when 106 is divided by k(26)?
7
Suppose -165 - 375 = -54*y. What is the remainder when 18 is divided by y?
8
Suppose -3*k + 14 = 2*s, -3*s + 25 = 5*k - 0*k. What is the remainder when 316 is divided by k?
4
Let b = 44 + -15. Let c(d) = -d**2 - 12*d - 8. Let f be c(-8). Suppose -4*u - f = -7*u. What is the remainder when b is divided by u?
5
Let l = -42 + 84. Calculate the remainder when l is divided by -2*((-8)/(-20) - (-445)/(-50)).
8
Suppose 0 = -4*r - j + 354, -r - 342 = -5*r + 5*j. Let t = r - 78. Calculate the remainder when 28 is divided by t.
8
Let q be (-2)/(-6) + 1/(-3). Suppose w = 4*u - 13, q*w - 3*u = -5*w + 3. Let n = 1047 + -1044. Calculate the remainder when n is divided by w.
0
Let h be 7/(-1 + 6/4). Suppose 0 + 3 = j - 3*p, -3*j + h = -4*p. What is the remainder when (-3 - 6/(-2)) + 15 is divided by j?
3
What is the remainder when (-8)/(9/972*-3) is divided by 5?
3
Suppose a + 2*a = 12, 0 = 5*b + 4*a - 6241. Calculate the remainder when b is divided by 48.
45
Suppose 4*f - 192 = y + 3*y, 2*y + 149 = 3*f. Suppose 5*u - 13 = -4*g + 6, -g = 5*u - 16. What is the remainder when f is divided by (5/(-15) - 2)*(-5 - g)?
11
Suppose 79*n - 45*n - 918 = 0. Let b(x) = -5*x + 1. Calculate the remainder when n is divided by b(-1).
3
Let i = -8 + 11. Suppose 4*c + i = -q, -5*q - c = 2*c + 15. Calculate the remainder when 24 is divided by ((-3)/(-3))/(q/(-27)).
6
Let i(g) = -g**3 - g**2 - 3*g - 4. Let f = 108 - 102. What is the remainder when i(-3) is divided by f?
5
Let y = -404 - -422. Suppose 5*r + 1 = 11, l - 4*r + 42 = 0. Calculate the remainder when (l/(-3))/(3/y) is divided by 14.
12
Suppose 3*v - v = 2. What is the remainder when (-1 - -1) + v + (-6 - -64) is divided by 12?
11
What is the remainder when ((-4)/(-10))/(13/5395) is divided by 21?
19
Let g(q) = 45*q + 32. Calculate the remainder when g(3) is divided by 56.
55
Suppose 0 = -5*r - 5*w + 65, 2*r + 7 - 25 = -4*w. What is the remainder when 65 is divided by r?
14
Calculate the remainder when 19/(-7 + 88/12) is divided by 2*3/((-18)/(-15)).
2
Let p = 149 + -115. Calculate the remainder when 129 is divided by p.
27
Suppose -2*t + 24 = 3*d, -7 = -2*d + 1. What is the remainder when t is divided by 6?
0
Suppose 0 = 8*k - 5107 - 2149. Calculate the remainder when k is divided by 19.
14
Suppose 106 = -4*o + 374. Suppose -15 - 21 = -3*y. Suppose -4*w + 2*x = -62 - 14, 3*x = -y. Calculate the remainder when o is divided by w.
16
Let s be (-11)/(-11)*2*2 - 58. Let z = -2 + -33. What is the remainder when 11 is divided by s/(-10) + 14/z?
1
Let a(u) = -1 - 13 + 24*u + 3*u - 19. What is the remainder when a(3) is divided by 26?
22
Suppose 5*y - f = 176, 3*y + 2*y + 3*f - 192 = 0. Calculate the remainder when 114 is divided by y.
6
Let j(i) = -i + 8. Let q be j(7). Let t(f) = 17*f**2 - 1. What is the remainder when 29 is divided by t(q)?
13
Calculate the remainder when 176 is divided by (-10)/(-25) + (-906)/(-10).
85
Let i(u) = -u**2 - 4*u + 2. Let c = 10 + 9. Calculate the remainder when c is divided by i(-3).
4
Suppose 832 = -6*l - 596. Let g = l + 410. Calculate the remainder when g is divided by 44.
40
Calculate the remainder when 599 is divided by ((-120)/(-25))/((-3)/(-15)).
23
Suppose -71*f + 198 = -49*f. Suppose j + 162 = 5*d, -5*d + 156 = -0*d - 3*j. Calculate the remainder when d is divided by f.
6
Let v = -12 + 18. Suppose 2*c - 136 = 68. What is the remainder when c is divided by (-24)/36 - (-160)/v?
24
Let h be (6 - -2)*-7 - 2. Calculate the remainder when h/4*20/(-10) is divided by 10.
9
Let m be -1 - -2 - 0 - -3. Suppose m*d - 39 = 25. What is the remainder when 75 is divided by d?
11
What is the remainder when 305 is divided by 68*(-6)/(-72)*3?
16
Let s(j) = 27*j - 12. Let d be s(7). Let m = -108 + d. Calculate the remainder when m is divided by 18.
15
Suppose 0 = -4*z + 6*z - 136. Let h = -39 + z. What is the remainder when h is divided by ((-48)/2)/((-3)/2)?
13
Suppose 2*s - 238 = -12*s. Let m(x) = -x**2 + 5*x + 6. Let o be m(7). Let z = o + 13. Calculate the remainder when s is divided by z.
2
Suppose y - 26 = -y. Let x = 12040 + -12023. What is the remainder when x is divided by y?
4
Let x(l) = 8*l - 2. Suppose -5*m = -4*s + 33, -m = -3*s - 1 + 12. Let v be x(s). Let w = 7 + v. What is the remainder when w is divided by 6?
3
Let j(l) = 36*l - 2. Let r(p) = -24*p + 1. Let c(n) = -5*j(n) - 8*r(n). Suppose -2*g + 222 = -0*g. What is the remainder when g is divided by c(3)?
35
Let f = -296 - -337. What is the remainder when 613 is divided by f?
39
Suppose -4*m + 2 = 6, 4*n = -m - 17. What is the remainder when 50 is divided by (-16)/4 - -13 - n?
11
Let m = -63 + 69. Suppose 3*z = m, -3*d - 2*z - z + 291 = 0. What is the remainder when d is divided by 12?
11
Let h = 196 - 36. Calculate the remainder when h is divided by 33.
28
Suppose z + 6 = 2. Let k = z + 7. Let y(w) = -4*w**2 + 21*w + 52. Calculate the remainder when k is divided by y(7).
0
Suppose -4*a - 3*r = -44, -3*a + 10*r + 44 = 15*r. Let q = -6 + 4. What is the remainder when a is divided by 3 - (q - -2) - -2?
3
Suppose -336 = -4*s + s. Suppose -53*l + 3952 = 51*l. Calculate the remainder when s is divided by l.
36
Let k(p) = -9*p**2 + 12*p - 9. Let i be k(5). Calculate the remainder when i/(-4) + -3*(-7)/(-14) is divided by 17.
8
Let x = 23 - 18. What is the remainder when (84/x)/((-9 - -5)/(-20)) is divided by 22?
18
Let b be -1 + (3 - (3 - 4)). Suppose -2*j - 3*j + 125 = 2*s, b*s - 180 = -5*j. Calculate the remainder when s is divided by 14.
13
Let d(t) = t - 29. Let z be d(9). What is the remainder when z/(-4)*69/5 is divided by 18?
15
Let z(c) = -c**3 + 16*c**2 + 2. Let i be z(16). Suppose -5*o - 152 + 412 = g, 131 = i*o - 5*g. Calculate the remainder when o is divided by 7.
4
Let w be 3 + -2 - (-7 - -4). Suppose 7*h - w = 8*h. What is the remainder when 14 is divided by -1*(-4)/h - -5?
2
Suppose -3*l - 2*l - 100 = -5*q, 79 = 5*q + 2*l. Calculate the remainder when 132 is divided by q.
13
Let s be 24/(-4) + (-5 - -1). Calculate the remainder when s/(-30) + (-400)/(-6) is divided by 25.
17
Let d(o) = -3*o + 5. Let q(y) = -2*y**3 - y**2 + y + 2. Let m be q(-2). What is the remainder when (-3)/(-4) - (-231)/m is divided by d(-2)?
9
Suppose 4 - 14 = -5*r. Suppose 55*z = 53*z - 1134. What is the remainder when r/((-6)/z*3) is divided by 22?
19
Calculate the remainder when 286/7 + 2/14 is divided by 3.
2
Let q(g) = 10*g**2 - 9*g + 12. What is the remainder when 37 is divided by q(2)?
3
Let a = 3 - 20. Let x = a - -74. What is the remainder when x is divided by 6?
3
Let m(o) = -12*o - 4. Let z(j) = j + 1. Let s(l) = 2*m(l) + 12*z(l). What is the remainder when s(-2) is divided by 10?
8
Suppose -3*t + 5*t + 120 = 0. Let d = t + 85. Calculate the remainder when 86 is divided by d.
11
Let d = -7 - -4. Calculate the remainder when (0 - d) + -6 + 60/5 is divided by 3.
0
Let g(r) = r**2 - 2. Let u = -4 + 0. Let b be g(u). Let j = b + -4. What is the remainder when 39 is divided by j?
9
Let g(c) = c**3 - 23*c**2 - 4*c + 47. Let s be g(23). Let w = s + 58. Let j(l) = -l + 3. What is the remainder when w is divided by j(-5)?
5
Suppose d - 185 = -2*h + 3, -4*h = -2*d + 416. Calculate the remainder when d is divided by 88.
22
Let b be 3/7 + (-164)/7. Let u = 3 - b. What is the remainder when 49 is divided by u?
23
Suppose -25*q - 73 = -623. What is the remainder when 45 is divided by q?
1
Let m(d) = d**2 + 6*d - 8. Let j